 prime factors of q.
2, 3, 13
Suppose 158*t = 154*t + 35176. List the prime factors of t.
2, 4397
Let t = 176 - 162. What are the prime factors of -16 + t - -6*15?
2, 11
Let h = 2970 - 2301. What are the prime factors of h?
3, 223
Let c(f) = -f**3 - 4*f**2 + f + 3. Let d be c(-3). Let l be (5/2)/(d/(-18)). Let m(s) = 5*s + 7. What are the prime factors of m(l)?
2
Suppose 96*h = 97*h + 1111. Let g = h - -1842. What are the prime factors of g?
17, 43
Suppose 4*x = 2*x + 16. Suppose g = -4, -x*n + 2*g = -3*n + 702. List the prime factors of (-11)/11*(1 + n + 2).
139
Let o(x) = 775*x**2 - 49*x - 104. What are the prime factors of o(-2)?
2, 7, 13, 17
Let u = 21 + 2. Let m(f) = 2*f**2 + 5*f. Let d be m(-7). Let a = d + u. What are the prime factors of a?
2, 43
Let c = 77 + -165. Let s = c + 0. Let i = s - -153. List the prime factors of i.
5, 13
Let o(v) = -6*v - 18. Let g be o(-3). Suppose -5*p + 5*z + 3070 = g, -2*p + 1234 = 4*z - 0*z. List the prime factors of -3 + (24/(-20))/((-6)/p).
2, 3, 5
Suppose -37124 = -3*u + 24*j - 23*j, -u - 2*j = -12384. List the prime factors of u.
2, 7, 13, 17
Suppose -i + 3*z = -4*i, -3*z = 0. Suppose -6*o - 3*o + 7398 = i. Suppose 15*x = 9*x + o. What are the prime factors of x?
137
Let q(s) = -83*s + 20. Let o be q(-4). Let b be -24*o/(-120) - 2/5. Suppose -5*m + 220 = b. List the prime factors of m.
2, 3, 5
Suppose 2*i + 6002 - 52271 = 5*b, -2*i = 3*b - 46229. What are the prime factors of i?
2, 11, 1051
Suppose -132*y + 26*y - 151*y = -2616260. List the prime factors of y.
2, 5, 509
List the prime factors of (-618769)/2*(-1352)/7774.
2, 26903
Suppose -49*l + 228597 = 35177 - 44426. What are the prime factors of l?
2, 3, 809
Let o(g) = -g**3 - 13*g**2 + 15*g + 16. Let t be o(-14). Suppose -4*x + 13137 = -3*s, -4*s - 6568 = -2*x - t*s. What are the prime factors of (-1)/4 - x/(-20)?
2, 41
Suppose 335*z - 1538267 = 17277678. What are the prime factors of z?
56167
Let h = 49008 - 6251. List the prime factors of h.
11, 13, 23
What are the prime factors of ((-32030)/25)/((-6)/30)?
2, 3203
Suppose 6*g + 18*g = 1992. Suppose 136 = -81*o + g*o. What are the prime factors of o?
2, 17
Let n = 164027 - 99530. List the prime factors of n.
3, 21499
What are the prime factors of 31491 + (-4 - -6 - ((-8 - 3) + 9))?
5, 6299
Let n(j) be the first derivative of 29 + 1/3*j**3 + 0*j**2 - 12*j. What are the prime factors of n(4)?
2
What are the prime factors of (-15 - (-69160)/(-15))*(-6 + (3 - 3))?
2, 13877
Let q = -217 - -244. What are the prime factors of (1656/q - 6)/(1/6)?
2, 83
Suppose -z = 2*r - 15070, -3*r + 7*z = 8*z - 22603. What are the prime factors of r?
3, 31
Let d be 12/(11/(165/(-6))). List the prime factors of -545*((-72)/d)/(-3).
2, 109
Let o(s) be the second derivative of -s**5/20 - 7*s**4/12 - 4*s**3/3 + 9*s**2/2 + 69*s. List the prime factors of o(-8).
137
Suppose -4*m + 3*w = -m + 3, -w + 21 = 4*m. Suppose -4*c = -4*q - 3204, -2*q + 2378 = 7*c - m*c. List the prime factors of c.
2, 199
Let t be (4/27*9)/(4/51). What are the prime factors of (-4)/(-8)*(t - -1053)?
5, 107
Suppose -5*t + 11900 = 4*a, 4*t - 12144 + 2583 = 5*a. List the prime factors of t.
2, 149
Suppose -5*x = -12*a - 0*x + 312168, 5*a + 3*x = 130070. List the prime factors of a.
2, 13007
Let b be (-285)/(-4) - ((-159)/(-12) - 13). Suppose -b*t + 75*t - 5*y - 125 = 0, -5*t + 155 = -5*y. What are the prime factors of t?
2, 3, 5
Let i = 46 + -44. Suppose 4*g + i*y - 6 = 0, -2 = 3*g + 3*y - 8. Let o(j) = 37*j**2 - j + 2. List the prime factors of o(g).
2, 19
Suppose -4*m = 5*o + 36, -o - 4*m + 5*m = 9. List the prime factors of 13935/10 + o - (-6)/(-4).
2, 173
Suppose -a + 5*f = 0, 0*a = a - f - 12. List the prime factors of 5570/a*15/10.
557
Suppose 4*x + 3*v + 12092 = 47827, v + 3 = 0. List the prime factors of x.
2, 1117
Let m be 15/(-30) + 2/4*9. Suppose -m*z - 4*a + 416 = 0, -z + a = 6*a - 116. Suppose 0 = t - 35 - z. List the prime factors of t.
2, 17
Suppose -4*l + 12 = -2*l. Let n be (21/27 - -2) + l/27. Suppose 2*v - 3*r = -0*r + 173, -n*r + 401 = 5*v. List the prime factors of v.
2, 41
Suppose 4*h - 3 = 1. Suppose -h = -3*n - z + 2*z, -2*z = 8. List the prime factors of (-5120)/(-24) - (n + (-12)/(-9)).
3, 71
Let y(z) = z**3 - 18*z**2 - 10*z - 176. Let j be y(19). What are the prime factors of (8 + 38/j)/(2/7310)?
2, 17, 43
Let d be (-425)/1 - ((-5 - 0) + 0). Let g = 1161 + d. List the prime factors of g.
3, 13, 19
List the prime factors of ((-436203)/(-5))/3 - (-90)/(-450).
2, 5, 727
Let f(c) = 68*c - 40. Let v(d) = -2*d**3 + d**2 + 6*d. Let m be v(-2). List the prime factors of f(m).
2, 3, 7
Let q be (42/(-15))/(4/(-240)). Suppose -c - 165 = -2*a - 0*c, 2*a = 4*c + q. Let y = a + -12. List the prime factors of y.
2, 5, 7
Let g = 7055 + 944. What are the prime factors of g?
19, 421
List the prime factors of 8256 - (-64)/(100/25).
2, 11, 47
Suppose 48 = -14*r + 30*r. Suppose -4*z + r*v - 354 = -1435, 0 = -5*z + 4*v + 1350. List the prime factors of z.
2, 137
Suppose -11*c + 5*a = -13*c + 46810, -10 = -5*a. What are the prime factors of c?
2, 3, 5, 13
Let y be -86*(42/(-12) + 5). Let q = -127 - y. Suppose -3*x = -q*f - 936, -3*f - f = 4*x - 1228. List the prime factors of x.
2, 5, 31
Suppose -60*u = -104*u + 52*u - 29984. What are the prime factors of u?
2, 937
Let n(z) = z**3 + 17*z**2 + 30*z + 7. Suppose -5*h - c = -148, 0 = 2*h + c - 17 - 41. Let r be h*(2 + 3 + 44/(-8)). List the prime factors of n(r).
7
Let v = -149 + 182. Suppose -39*o + 2406 = -v*o. What are the prime factors of o?
401
Suppose -5*i + 29 = 9. Suppose -3*k = -2 - i. Suppose -k*p = -p - 67. List the prime factors of p.
67
Let q be (1/((-3)/(-69)))/((-14)/42). Let c be (121 - 1) + (-1)/1. Let d = q + c. What are the prime factors of d?
2, 5
List the prime factors of 215/129 - ((-2)/4 + (-37282)/12).
3109
Let u(z) = -5*z - 11. Let x be u(-4). Suppose -x*l = -0*l. Suppose -r = -l*t - 2*t - 213, 3*t - 188 = -r. What are the prime factors of r?
7, 29
Let j = -365 - -14514. List the prime factors of j.
14149
Let o = 167 + -137. Suppose -637 = -5*i - 222. Let n = o + i. List the prime factors of n.
113
Let o be (((-1075)/10)/(-5) + -6)*2. Suppose -o*h + 5*u + 509 = -27*h, -4*h + u = -505. List the prime factors of h.
2, 3, 7
Suppose 4*d = -5*t + 1 + 7, 5*d - t - 10 = 0. Suppose -7*s = -6*s + d*l + 2, 5*s = 5*l + 35. What are the prime factors of 4 - (s + (-12)/3)?
2
Suppose 2*r = -p - 5 - 3, 0 = -2*r + p. Let w(h) = 5*h + 16. Let z be w(r). Suppose 3*k - z*c - 410 = -c, 0 = 4*k - c - 558. What are the prime factors of k?
2, 5, 7
Let n(y) = 32*y + 13. Let u be n(-9). Let a = 1509 + u. What are the prime factors of a?
2, 617
Let b be (-76490)/(-60) - (-2)/12. Let l = b + -454. Suppose 0 = -4*m - o + l, -4*m = -5*o - 899 + 108. List the prime factors of m.
2, 3, 17
Suppose -7*k + 0*k + 44468 = -3*k. What are the prime factors of k?
11117
Let l(u) = -u**3 + 23*u**2 + 26*u + 48. Let z = -309 + 330. What are the prime factors of l(z)?
2, 3, 41
Suppose 14 = -4*d + 2*d. Let v = d + 2. List the prime factors of (v/(30/8))/((-4)/138).
2, 23
Let w(d) = 7*d - 25. Let g be w(4). Suppose -5*h = -4*x - 43, -3*h - g*x = -6*x - 24. Suppose v = 53 + h. What are the prime factors of v?
2
What are the prime factors of 1*-9*(91390/(-39) + 1)?
3, 7027
Suppose -4*z + 10*z = 24. Suppose -z*c + 828 + 204 = 0. List the prime factors of c.
2, 3, 43
Suppose -p - 4896 = -33*p. Let d = p - 12. What are the prime factors of d?
3, 47
Suppose -5*z = -2*s - 453892, 34*z + s + 453896 = 39*z. List the prime factors of z.
2, 3, 5, 17, 89
Let l be (-3 + 3)/((-5)/5). What are the prime factors of (414 - (-4 + l)) + 3?
421
Let u(v) = -2*v**2 - 14*v + 29. Let l be u(-8). What are the prime factors of l/((-78)/(-36)) - -111?
3, 13
Let f = 233 - 227. List the prime factors of -30*6/(-27) + f/(-9).
2, 3
What are the prime factors of 6/(-8) + 6*(-278456)/(-192)?
7, 11, 113
Suppose v = -5*q - 9, -2*v + 10 = -4*q - 0*q. Let z(m) = 158*m**2 - 146*m**2 + 2*m**3 + v - 5*m - 3*m**3 - 2. List the prime factors of z(9).
197
Let r(j) = -25*j - 18. Let y(c) = c**3 + 4*c**2 - 12*c - 18. Let z be y(-6). What are the prime factors of r(z)?
2, 3
Let u be (-680)/(-425) + 14/10 + -1. Suppose -5*t - u*t = -8239. Suppose 6*s = -25 + t. 